en 449890 is divided by 1583?
318
Calculate the remainder when 4144931 is divided by 68.
59
What is the remainder when 26989438 is divided by 12?
10
What is the remainder when 35424 is divided by 1464?
288
Calculate the remainder when 2456071 is divided by 20812.
255
What is the remainder when 2167923 is divided by 821?
483
What is the remainder when 7904250 is divided by 910?
900
Calculate the remainder when 34737 is divided by 11545.
102
What is the remainder when 5041 is divided by 42?
1
What is the remainder when 8158018 is divided by 135966?
58
Calculate the remainder when 379057 is divided by 37899.
67
Calculate the remainder when 1056675 is divided by 76.
47
Calculate the remainder when 2442791 is divided by 19.
18
Calculate the remainder when 45480270 is divided by 100620.
30
What is the remainder when 69187 is divided by 17260?
147
What is the remainder when 416022 is divided by 1800?
222
Calculate the remainder when 8993336 is divided by 11756.
11752
Calculate the remainder when 104788 is divided by 104039.
749
What is the remainder when 81279354 is divided by 1055576?
2
Calculate the remainder when 1067206 is divided by 355688.
142
What is the remainder when 2152434 is divided by 4023?
129
What is the remainder when 3542359 is divided by 1180728?
175
Calculate the remainder when 41959 is divided by 1114.
741
What is the remainder when 780461 is divided by 97557?
5
Calculate the remainder when 31344 is divided by 506.
478
Calculate the remainder when 40010011 is divided by 13336670.
1
Calculate the remainder when 6830489 is divided by 26.
3
What is the remainder when 104828 is divided by 3097?
2627
Calculate the remainder when 1828764 is divided by 2853.
2844
Calculate the remainder when 110206 is divided by 1941.
1510
What is the remainder when 18968875 is divided by 59093?
22
What is the remainder when 646886 is divided by 215490?
416
What is the remainder when 5284713 is divided by 1760725?
2538
What is the remainder when 215239677 is divided by 432?
429
What is the remainder when 1067667 is divided by 9212?
8287
Calculate the remainder when 1480307 is divided by 13100.
7
What is the remainder when 72823 is divided by 2085?
1933
What is the remainder when 44089503 is divided by 1817?
1815
Calculate the remainder when 98508458 is divided by 83.
74
Calculate the remainder when 13423362 is divided by 15.
12
Calculate the remainder when 3432169 is divided by 1175.
1169
What is the remainder when 17764100 is divided by 685?
680
What is the remainder when 37975235 is divided by 496?
483
What is the remainder when 2799534 is divided by 7607?
158
Calculate the remainder when 423263 is divided by 310.
113
Calculate the remainder when 15145479 is divided by 7572566.
347
Calculate the remainder when 652086 is divided by 736.
726
What is the remainder when 479676 is divided by 2274?
2136
What is the remainder when 148749 is divided by 1127?
1112
Calculate the remainder when 1356717 is divided by 79.
50
Calculate the remainder when 385806 is divided by 3325.
106
What is the remainder when 211355 is divided by 597?
17
What is the remainder when 2087403 is divided by 125?
28
Calculate the remainder when 97405541 is divided by 424.
21
Calculate the remainder when 164879 is divided by 23479.
526
Calculate the remainder when 28527050 is divided by 446.
444
Calculate the remainder when 571904 is divided by 190633.
5
What is the remainder when 437391 is divided by 762?
3
What is the remainder when 3632716 is divided by 1445?
1431
Calculate the remainder when 17155629 is divided by 857781.
9
Calculate the remainder when 1263656 is divided by 1263367.
289
What is the remainder when 8075996 is divided by 732?
572
What is the remainder when 25580 is divided by 3419?
1647
Calculate the remainder when 7510149 is divided by 448.
325
Calculate the remainder when 10769842 is divided by 39595.
2
What is the remainder when 680631 is divided by 2924?
2263
What is the remainder when 268118 is divided by 2141?
493
Calculate the remainder when 1269203 is divided by 317251.
199
What is the remainder when 2319058 is divided by 558?
10
What is the remainder when 32075397 is divided by 980?
977
What is the remainder when 1365176 is divided by 1075?
1001
Calculate the remainder when 1193722 is divided by 37298.
186
What is the remainder when 554797 is divided by 276877?
1043
What is the remainder when 13590 is divided by 12308?
1282
Calculate the remainder when 5660271 is divided by 180.
171
What is the remainder when 2369266 is divided by 750?
16
What is the remainder when 22838 is divided by 1522?
8
What is the remainder when 147812 is divided by 7851?
6494
Calculate the remainder when 13362622 is divided by 2052.
2050
Calculate the remainder when 3268993 is divided by 272410.
73
What is the remainder when 722814 is divided by 1948?
106
What is the remainder when 430991020 is divided by 231?
229
Calculate the remainder when 180865 is divided by 6540.
4285
What is the remainder when 65081868 is divided by 8?
4
Calculate the remainder when 97177904 is divided by 22.
10
Calculate the remainder when 954768 is divided by 314.
208
Calculate the remainder when 650458 is divided by 49988.
614
What is the remainder when 2609932 is divided by 153446?
1350
What is the remainder when 4422919 is divided by 18?
13
Calculate the remainder when 2207177 is divided by 4894.
4877
Calculate the remainder when 326531 is divided by 13167.
10523
Calculate the remainder when 30402069 is divided by 416.
373
Calculate the remainder when 20790696 is divided by 36411.
15
What is the remainder when 1928625497 is divided by 5690?
5687
What is the remainder when 2727461 is divided by 85233?
5
What is the remainder when 1643502 is divided by 102717?
30
What is the remainder when 3759803 is divided by 832?
827
Calculate the remainder when 732151 is divided by 91512.
55
Calculate the remainder when 986403 is divided by 58.
55
Calculate the remainder when 6099643 is divided by 217841.
95
Calculate the remainder when 50754 is divided by 297.
264
What is the remainder when 3826863 is divided by 265?
263
Calculate the remainder when 89423 is divided by 89415.
8
Calculate the remainder when 16922 is divided by 191.
114
What is the remainder when 5106959 is divided by 2809?
197
What is the remainder when 560339 is divided by 26175?
10664
Calculate the remainder when 3388552 is divided by 199326.
10
What is the remainder when 8079226 is divided by 207?
16
What is the remainder when 25492807 is divided by 22?
21
Calculate the remainder when 710598 is divided by 110.
108
Calculate the remainder when 11466974 is divided by 214.
212
Calculate the remainder when 1185879 is divided by 2330.
2239
What is the remainder when 188691 is divided by 159?
117
What is the remainder when 14827 is divided by 240?
187
What is the remainder when 32853912 is divided by 45?
42
What is the remainder when 311756 is divided by 480?
236
What is the remainder when 13332675 is divided by 6666334?
7
What is the remainder when 796029252 is divided by 5145?
5142
Calculate the remainder when 151495 is divided by 10095.
70
Calculate the remainder when 230341 is divided by 603.
598
What is the remainder when 2548540 is divided by 9?
1
What is the remainder when 214410 is divided by 53584?
74
Calculate the remainder when 486110 is divided by 69436.
58
What is the remainder when 87497 is divided by 43225?
1047
What is the remainder when 6454067 is divided by 1325?
1317
Calculate the remainder when 58452833 is divided by 203.
201
Calculate the remainder when 580526 is divided by 22.
12
Calculate the remainder when 214278441 is divided by 561.
3
Calculate the remainder when 16894755 is divided by 1535883.
42
What is the remainder when 26633 is divided by 1603?
985
Calculate the remainder when 30791632 is divided by 1526.
4
Calculate the remainder when 623390 is divided by 48.
14
What is the remainder when 210346 is divided by 4413?
2935
What is the remainder when 505567 is divided by 250676?
4215
Calculate the remainder when 7684121 is divided by 4434.
4433
Calculate the remainder when 1553168 is divided by 4.
0
Calculate the remainder when 118783 is divided by 594.
577
What is the remainder when 1817391 is divided by 95637?
288
What is th